(a) = -20*a - 6 - 3 + 3. Let c be x(-3). Calculate the highest common divisor of c and 135.
27
Let a be -1*(1 - (-9 - -7) - 29). What is the highest common factor of 4654 and a?
26
Suppose 91*f - 2*f - 3738 = 0. Suppose s + 294 = 2*s. What is the highest common divisor of f and s?
42
Let b(g) = g**3 + 14*g**2 - 8*g + 32. Let o be b(-13). Suppose 2*c - 1 - o = 0. What is the greatest common divisor of 17 and c?
17
Let p(f) = 2*f**2 - 3*f**2 + 14*f + 9 - 8*f. Let u be p(0). What is the greatest common divisor of 9 and u?
9
Let t be (-171)/(-38)*(-8)/6. Let b(a) = -10*a - 3. Let g be b(-3). Let v be 396/g*t/(-4). What is the highest common divisor of 33 and v?
11
Let u(y) = -9*y - 18. Let x(z) = -4*z - 9. Let l(m) = -3*u(m) + 7*x(m). Let i be l(-16). Calculate the greatest common factor of 1 and i.
1
Let y = -121 + 126. Suppose -3*g = 3*j - 321, 0 = -4*j + j + y*g + 345. Let w = 6 + 4. Calculate the greatest common divisor of j and w.
10
Suppose -2*s - 316 = -0*s. Let b = 800 - 489. Let w = b + s. Calculate the greatest common divisor of w and 17.
17
Suppose -59*m = 48*m + 5978 - 19460. Let g be (-7)/(-1) - 2 - 0. Suppose p = 4*f - 15 + 53, -g*p + f + 95 = 0. What is the highest common factor of m and p?
18
Let i = -84 - -86. Let c(n) = n**2 - n + 1. Let u be c(1). What is the greatest common divisor of u and i?
1
Suppose -13*z + 427 + 145 = 0. Calculate the greatest common divisor of z and 209.
11
Let n be 255 + 1/3*6. Suppose -5*b = n + 73. Let s be b/(-4)*(-56)/(-21). Calculate the highest common factor of s and 11.
11
Let h = 152 - 131. What is the highest common divisor of h and 91?
7
Let y(a) = 6*a + 46. Let h be y(-11). Suppose 0 = -2*j + 2*o + o - 64, 3*j = 2*o - 96. Let z be j/(-5) - 12/h. Calculate the highest common divisor of z and 77.
7
Let s be (8 + -17)/(9/(-120)). Let r = 144 - s. Let w be (-4)/(-14) + (-166)/(-7). What is the greatest common divisor of w and r?
24
Suppose 5*l = 4*l + 10. Let x(w) = w**3 - 11*w**2 + 14*w + 9. Let n be x(l). What is the highest common factor of 7 and n?
7
Suppose -3*j + 0*j - 8*j = -187. Suppose -85 = -u - 4*u. Calculate the greatest common divisor of j and u.
17
Let q be 118 - 10/(-2) - -1. Let b(y) = -y**3 - y**2 - 5*y - 2. Let x be b(-3). Calculate the highest common factor of x and q.
31
Suppose 495*n - 479*n = 16. Calculate the highest common factor of n and 241.
1
Let l be 0/(1 + 3) - -76. Suppose -59 = -5*u + l. Suppose z - 2*f - f = 1, -u = -3*z + 3*f. What is the greatest common divisor of 65 and z?
13
Suppose 14*b = 11*b + 36. Let j be (-2 - -5)/(b/160). Calculate the greatest common factor of j and 20.
20
Let n be (-27)/54 + 3/2. Calculate the greatest common divisor of 29 and n.
1
Let h = -122 - -492. What is the greatest common factor of 74 and h?
74
Let n = 1443 + -1437. Calculate the highest common divisor of n and 282.
6
Suppose -4*o = 2*h - 2, 5*o + 4*h + 4 = 2. Suppose 0*r - 16 = -o*r. Suppose -3*l - r = -5*l, -m = 4*l - 18. Calculate the greatest common divisor of 16 and m.
2
Suppose 535 = -12*f + 16*f - i, -3*f + 5*i = -397. What is the highest common divisor of f and 67?
67
Suppose -3*z = 6*x - x + 598, 479 = -4*x - 3*z. Let d = 129 + x. Let h = -63 + 143. What is the highest common factor of h and d?
10
Let p(w) = -3*w**2 - 12*w + 2. Let d be p(-4). Suppose 0 = d*s + 3*s - 150. Let f = 1 + s. Calculate the greatest common factor of f and 31.
31
Suppose -11*h + 187 = -143. Calculate the greatest common factor of h and 30.
30
Suppose 0*j = -3*s + 3*j + 45, j = -4*s + 75. Let i be 162/s*8/3. Calculate the greatest common factor of 3 and i.
3
Let c(l) = -l**3 - 4*l**2 + l + 4. Let w be c(-5). Calculate the greatest common divisor of w and 24.
24
Let n be (777/(-63) - -19)/(2/3). Calculate the greatest common factor of 9 and n.
1
Let v = 11 - 9. Let o(n) = 2 - 4*n - n + 0*n**v + 2*n + n**2. Let w be o(10). What is the highest common factor of w and 9?
9
Suppose -5*z + 656 + 1922 = 3*f, 5*f = -z + 498. What is the highest common divisor of 148 and z?
74
Suppose -x - 2 = -4, 0 = n + 5*x - 34. What is the greatest common factor of 120 and n?
24
Suppose 16 = 7*m - 3*m. Suppose c - 5*c - 5*b = -111, 121 = m*c + 3*b. What is the highest common divisor of 17 and c?
17
Let z(t) = t + 124. Let k be z(-14). What is the highest common divisor of k and 20?
10
Suppose 2*o = -23 + 27. Let k(b) = 5*b**2 + 1. Let z be k(o). What is the highest common factor of z and 3?
3
Let n = -22 - -10. Let l = 33 + n. Suppose 525 = 177*j - 172*j. What is the greatest common factor of l and j?
21
Suppose 2*j + 322 = p, 5*j = -3*p - 0*j + 1010. Calculate the highest common factor of p and 55.
55
Let v(z) = -2*z**3 - z**2 + z + 4. Let k be v(-4). What is the highest common factor of k and 7?
7
Suppose -20*v + 507 + 213 = 0. Suppose 0*u - 4*u = -1584. Calculate the greatest common divisor of u and v.
36
Let v(g) = -g**3 - 10*g**2 + 19*g. Let x be v(-12). Suppose 2*t = d + x, -t - 2*t - d = -80. What is the greatest common factor of t and 4?
4
Suppose 4*h + 164 = 2*g + 2*g, 0 = 4*g + h - 164. What is the greatest common factor of 1 and g?
1
Suppose -5*l = -2*s - 0*l + 111, 0 = -4*s - 5*l + 267. Calculate the greatest common divisor of s and 231.
21
Let h be (-220)/(-8)*12/2. Suppose -2*o - 45 = 4*y - h, -2*o - 90 = -3*y. Let x(z) = z + 11. Let g be x(-8). What is the greatest common divisor of g and y?
3
Suppose -5*u + 7*u - 14 = 0. Let v be 5/(1/(u + 0/(-2))). Calculate the greatest common divisor of v and 140.
35
Suppose 0 = 4*b - 9 - 3. Suppose 0 = 3*v + 5*s - 282 + 50, 264 = b*v - 3*s. Calculate the greatest common divisor of 21 and v.
21
Suppose 0 = 3*y - 5*y + 4. Let s = 18 + y. Suppose 3*j + b - 16 = 0, -1755*b + 1757*b = -4*j + 24. Calculate the highest common divisor of s and j.
4
Suppose 66*w - 79*w + 364 = 0. Calculate the greatest common divisor of w and 84.
28
Suppose 8 - 6 = 2*n. Let f(k) = 12*k + 4. Let a be f(7). Let p be 368/a - 2/11. Calculate the greatest common factor of p and n.
1
Let d(r) = r + 4. Let y be d(0). Suppose 0 = 2*p + l - 12, -3*p = -2*p - 4*l - 15. Suppose p*n = -4*n + 484. What is the greatest common divisor of y and n?
4
Suppose 0 = i + 4*q - 2, 3*i + 2*q - 10 = -2*i. Let a be 4*-3*1/i. Let b be (a/8)/(1/(-20)). Calculate the greatest common factor of b and 30.
15
Let n(i) = -14*i + 2. Let z be n(-1). Let j(v) = -v**3 + 19*v**2 - 25*v + 17. Let k be j(z). Calculate the highest common factor of k and 35.
35
Let c be (20/3)/((308/(-33))/(-14)). What is the greatest common factor of c and 80?
10
Suppose 0*p - 63 = -4*p + 3*y, y - 59 = -4*p. Suppose 3*d - q = 94 + p, 16 = -4*q. Suppose n + 21 = 4*n. What is the highest common factor of d and n?
7
Suppose 2*i - 7*y = -12*y + 15, -3*i = 3*y - 18. What is the highest common factor of i and 3?
1
Let l(o) = o**3 - 26*o**2 - 25*o + 24. Let p be l(27). Calculate the greatest common divisor of 52 and p.
26
Suppose -2*r - 12 = -16. Let q(u) = -4*u**2 - 13*u + 0*u**2 - 7 + 5*u**r - 3. Let v be q(14). What is the greatest common divisor of v and 4?
4
Let d(n) = n**2 - n - 2. Suppose k + 15 - 2 = -4*y, 2*k = -4*y - 10. Let h be d(y). Let z = h - -17. Calculate the highest common factor of z and 7.
7
Let j be (-734)/(-8) - 2/(-8). Suppose -i = -25 - j. Let p be (-13)/(-52)*-8 - -15*1. What is the highest common divisor of i and p?
13
Let q = 214 + -133. What is the highest common factor of 45 and q?
9
Let l(w) = -6*w**2 + 33*w + 6. Let c be l(5). What is the highest common divisor of 7 and c?
7
Let q be (-10)/(-45) - (-1382)/18. Calculate the highest common factor of 22 and q.
11
Suppose 22*i = 16*i + 2244. Calculate the highest common factor of 34 and i.
34
Let o(x) = 5*x**2 + 2. Let i = 8 - 5. Suppose -2*l + s + 2 = -0*l, -4 = -i*l + s. Let h be o(l). What is the highest common divisor of h and 11?
11
Let c = 73 - 46. Suppose -2*v = -q + 46, 5*v + 85 + 165 = 5*q. What is the greatest common factor of c and q?
27
Let j(u) = u**3 + 38*u**2 - 56*u + 111. Let c be j(-39). Calculate the highest common divisor of 18 and c.
18
Let l(m) = -2*m**3 + 4*m**2 + 3*m + 7. Let t be l(4). Let o = -30 - t. Calculate the highest common divisor of 30 and o.
15
Suppose 648 = 6*b - 3*b. What is the greatest common factor of b and 6?
6
Suppose 0*a - 358 = -4*a